{"id":55,"date":"2024-09-08T21:03:28","date_gmt":"2024-09-08T19:03:28","guid":{"rendered":"https:\/\/asso-fracas.fr\/?page_id=55"},"modified":"2025-07-08T10:44:20","modified_gmt":"2025-07-08T08:44:20","slug":"festival-de-bonnes-2023","status":"publish","type":"page","link":"https:\/\/asso-fracas.fr\/index.php\/festival-de-bonnes-2023\/","title":{"rendered":"Festival de Bonnes 2023"},"content":{"rendered":"\t\t<div data-elementor-type=\"wp-page\" data-elementor-id=\"55\" class=\"elementor elementor-55\">\n\t\t\t\t<div class=\"elementor-element elementor-element-7917a99 e-flex e-con-boxed e-con e-parent\" data-id=\"7917a99\" data-element_type=\"container\">\n\t\t\t\t\t<div class=\"e-con-inner\">\n\t\t\t\t<div class=\"elementor-element elementor-element-33414b1 elementor-widget elementor-widget-heading\" data-id=\"33414b1\" data-element_type=\"widget\" data-widget_type=\"heading.default\">\n\t\t\t\t<div class=\"elementor-widget-container\">\n\t\t\t<style>\/*! elementor - v3.21.0 - 08-05-2024 *\/\n.elementor-heading-title{padding:0;margin:0;line-height:1}.elementor-widget-heading .elementor-heading-title[class*=elementor-size-]>a{color:inherit;font-size:inherit;line-height:inherit}.elementor-widget-heading .elementor-heading-title.elementor-size-small{font-size:15px}.elementor-widget-heading .elementor-heading-title.elementor-size-medium{font-size:19px}.elementor-widget-heading .elementor-heading-title.elementor-size-large{font-size:29px}.elementor-widget-heading .elementor-heading-title.elementor-size-xl{font-size:39px}.elementor-widget-heading .elementor-heading-title.elementor-size-xxl{font-size:59px}<\/style><h2 class=\"elementor-heading-title elementor-size-default\">Festival des arts de la rue<\/h2>\t\t<\/div>\n\t\t\t\t<\/div>\n\t\t\t\t\t<\/div>\n\t\t\t\t<\/div>\n\t\t<div class=\"elementor-element elementor-element-72b3b9e e-flex e-con-boxed e-con e-parent\" data-id=\"72b3b9e\" data-element_type=\"container\">\n\t\t\t\t\t<div class=\"e-con-inner\">\n\t\t\t\t<div class=\"elementor-element elementor-element-fc93d94 elementor-widget elementor-widget-text-editor\" data-id=\"fc93d94\" data-element_type=\"widget\" data-widget_type=\"text-editor.default\">\n\t\t\t\t<div class=\"elementor-widget-container\">\n\t\t\t<style>\/*! elementor - v3.21.0 - 08-05-2024 *\/\n.elementor-widget-text-editor.elementor-drop-cap-view-stacked .elementor-drop-cap{background-color:#69727d;color:#fff}.elementor-widget-text-editor.elementor-drop-cap-view-framed .elementor-drop-cap{color:#69727d;border:3px solid;background-color:transparent}.elementor-widget-text-editor:not(.elementor-drop-cap-view-default) .elementor-drop-cap{margin-top:8px}.elementor-widget-text-editor:not(.elementor-drop-cap-view-default) .elementor-drop-cap-letter{width:1em;height:1em}.elementor-widget-text-editor .elementor-drop-cap{float:left;text-align:center;line-height:1;font-size:50px}.elementor-widget-text-editor .elementor-drop-cap-letter{display:inline-block}<\/style>\t\t\t\t<h5>Quelle premi\u00e8re \u00e9dition !<\/h5>\t\t\t\t\t\t<\/div>\n\t\t\t\t<\/div>\n\t\t\t\t\t<\/div>\n\t\t\t\t<\/div>\n\t\t<div class=\"elementor-element elementor-element-b92093f e-flex e-con-boxed e-con e-parent\" data-id=\"b92093f\" data-element_type=\"container\">\n\t\t\t\t\t<div class=\"e-con-inner\">\n\t\t\t\t<div class=\"elementor-element elementor-element-d8ea8a0 elementor-widget elementor-widget-image\" data-id=\"d8ea8a0\" data-element_type=\"widget\" data-widget_type=\"image.default\">\n\t\t\t\t<div class=\"elementor-widget-container\">\n\t\t\t<style>\/*! elementor - v3.21.0 - 08-05-2024 *\/\n.elementor-widget-image{text-align:center}.elementor-widget-image a{display:inline-block}.elementor-widget-image a img[src$=\".svg\"]{width:48px}.elementor-widget-image img{vertical-align:middle;display:inline-block}<\/style>\t\t\t\t\t\t\t\t\t\t<img fetchpriority=\"high\" decoding=\"async\" width=\"768\" height=\"1086\" src=\"https:\/\/asso-fracas.fr\/wp-content\/uploads\/2024\/09\/Affiche-officielle-768x1086.png\" class=\"attachment-medium_large size-medium_large wp-image-76\" alt=\"\" srcset=\"https:\/\/asso-fracas.fr\/wp-content\/uploads\/2024\/09\/Affiche-officielle-768x1086.png 768w, https:\/\/asso-fracas.fr\/wp-content\/uploads\/2024\/09\/Affiche-officielle-212x300.png 212w, https:\/\/asso-fracas.fr\/wp-content\/uploads\/2024\/09\/Affiche-officielle-724x1024.png 724w, https:\/\/asso-fracas.fr\/wp-content\/uploads\/2024\/09\/Affiche-officielle-1086x1536.png 1086w, https:\/\/asso-fracas.fr\/wp-content\/uploads\/2024\/09\/Affiche-officielle.png 1414w\" sizes=\"(max-width: 768px) 100vw, 768px\" \/>\t\t\t\t\t\t\t\t\t\t\t\t\t<\/div>\n\t\t\t\t<\/div>\n\t\t\t\t\t<\/div>\n\t\t\t\t<\/div>\n\t\t<div class=\"elementor-element elementor-element-1a1fa3d e-flex e-con-boxed e-con e-parent\" data-id=\"1a1fa3d\" data-element_type=\"container\">\n\t\t\t\t\t<div class=\"e-con-inner\">\n\t\t\t\t<div class=\"elementor-element elementor-element-df8a029 elementor-widget elementor-widget-text-editor\" data-id=\"df8a029\" data-element_type=\"widget\" data-widget_type=\"text-editor.default\">\n\t\t\t\t<div class=\"elementor-widget-container\">\n\t\t\t\t\t\t\t<section class=\"elementor-section elementor-top-section elementor-element elementor-element-1c2e0cc elementor-section-height-min-height elementor-section-stretched elementor-section-boxed elementor-section-height-default elementor-section-items-middle\" data-id=\"1c2e0cc\" data-element_type=\"section\" data-settings=\"{&quot;stretch_section&quot;:&quot;section-stretched&quot;}\"><div class=\"elementor-container elementor-column-gap-no\"><div class=\"elementor-column elementor-col-100 elementor-top-column elementor-element elementor-element-a699190\" data-id=\"a699190\" data-element_type=\"column\"><div class=\"elementor-widget-wrap elementor-element-populated\"><div class=\"elementor-element elementor-element-8112b07 elementor-widget elementor-widget-text-editor\" data-id=\"8112b07\" data-element_type=\"widget\" data-widget_type=\"text-editor.default\"><div class=\"elementor-widget-container\"><p>Le <a href=\"https:\/\/www.facebook.com\/bonnartcafe\/\" target=\"_blank\" rel=\"noopener\">Bonn\u2019Art Caf\u00e9<\/a> et Fracas se sont r\u00e9unis, de novembre 2022 \u00e0 ao\u00fbt 2023, autour d\u2019un projet un peu farfelu: la cr\u00e9ation d\u2019un festival de rue.<\/p><p><strong>Une r\u00e9ussite!<\/strong><\/p><p>Les 19 et 20 ao\u00fbt 2023,\u00a0 spectacles de marionnette, musique, danse, th\u00e9\u00e2tre, cirque\u2026 ont investis les rues du village de Bonnes dans le sud Charente (16), en parall\u00e8le de la f\u00eate du village, organis\u00e9 par le Comit\u00e9 des F\u00eates.<\/p><p>Une quinzaine d\u2019artistes sont venu-es se produire devant environ 200 personnes, d\u2019ici ou d\u2019ailleurs.<\/p><p>Les animations (atelier de cirque et descente de caisses \u00e0 savon) ont \u00e9galement attir\u00e9s du monde!<\/p><p><strong>Merci!<\/strong><\/p><p>Les deux associations souhaitent remercier le public, qui a os\u00e9 affronter la chaleur torride de ce week-end d\u2019ao\u00fbt, ainsi que les artistes, les partenaires financiers pour leurs soutiens, les contributeurs et contributrices de la cagnotte en ligne et les b\u00e9n\u00e9voles!!<\/p><p>Sans toutes ces personnes, le festival n\u2019aurait pu voir le jour alors encore une fois,<\/p><p><strong>MERCI !<\/strong><\/p><\/div><\/div><\/div><\/div><\/div><\/section>\t\t\t\t\t\t<\/div>\n\t\t\t\t<\/div>\n\t\t\t\t\t<\/div>\n\t\t\t\t<\/div>\n\t\t<div class=\"elementor-element elementor-element-4b9c41a e-flex e-con-boxed e-con e-parent\" data-id=\"4b9c41a\" data-element_type=\"container\">\n\t\t\t\t\t<div class=\"e-con-inner\">\n\t\t\t\t<div class=\"elementor-element elementor-element-74b6c95 elementor-widget elementor-widget-text-editor\" data-id=\"74b6c95\" data-element_type=\"widget\" data-widget_type=\"text-editor.default\">\n\t\t\t\t<div class=\"elementor-widget-container\">\n\t\t\t\t\t\t\t<section class=\"elementor-section elementor-top-section elementor-element elementor-element-649d8a8 elementor-section-boxed elementor-section-height-default elementor-section-height-default\" data-id=\"649d8a8\" data-element_type=\"section\"><div class=\"elementor-container elementor-column-gap-default\"><div class=\"elementor-column elementor-col-100 elementor-top-column elementor-element elementor-element-9ceb3b8\" data-id=\"9ceb3b8\" data-element_type=\"column\"><div class=\"elementor-widget-wrap elementor-element-populated\"><div class=\"elementor-element elementor-element-015daec elementor-widget elementor-widget-text-editor\" data-id=\"015daec\" data-element_type=\"widget\" data-widget_type=\"text-editor.default\"><div class=\"elementor-widget-container\"><p><strong>Les artistes du festival<\/strong><\/p><p>La compagnie <a href=\"http:\/\/lesinvoltes.fr\/\" target=\"_blank\" rel=\"noopener\">Les Involtes<\/a> \u00ab\u00a0Chiffon et ses moutons\u00a0\u00bb<\/p><p>La compagnie <a href=\"https:\/\/cietouteentiere.wixsite.com\/accueil\" target=\"_blank\" rel=\"noopener\">Toute Enti\u00e8re<\/a> \u00ab\u00a0Eireann\u00a0\u00bb<\/p><p><a href=\"https:\/\/www.facebook.com\/pina.loches\" target=\"_blank\" rel=\"noopener\">Pina Loches<\/a> \u00ab\u00a0Les vacances de Pina Loches\u00a0\u00bb<\/p><p><a href=\"https:\/\/www.facebook.com\/Zintiiia\" target=\"_blank\" rel=\"noopener\">Cynthia<\/a> \u00ab\u00a0J\u2019irai d\u00e9crocher la lune\u00a0\u00bb<\/p><p>Chris \u00ab\u00a0Dompter la gravit\u00e9\u00a0\u00bb<\/p><p><a href=\"https:\/\/www.facebook.com\/profile.php?id=100063472333881\" target=\"_blank\" rel=\"noopener\">La F.A.T<\/a> Fanfare Artisanale Traditionnelle<\/p><p>Mac Jazz New Orleans<\/p><p><a href=\"https:\/\/www.facebook.com\/sido.lardanchet\" target=\"_blank\" rel=\"noopener\">Sidonie Lardanchet<\/a> \u00ab\u00a0Au hasard des oiseaux\u00a0\u00bb<\/p><\/div><\/div><\/div><\/div><\/div><\/section>\t\t\t\t\t\t<\/div>\n\t\t\t\t<\/div>\n\t\t\t\t\t<\/div>\n\t\t\t\t<\/div>\n\t\t<div class=\"elementor-element elementor-element-78e2e15 e-flex e-con-boxed e-con e-parent\" data-id=\"78e2e15\" data-element_type=\"container\">\n\t\t\t\t\t<div class=\"e-con-inner\">\n\t\t\t\t<div class=\"elementor-element elementor-element-01baf5c elementor-widget elementor-widget-image\" data-id=\"01baf5c\" data-element_type=\"widget\" data-widget_type=\"image.default\">\n\t\t\t\t<div class=\"elementor-widget-container\">\n\t\t\t\t\t\t\t\t\t\t\t\t\t\t<a href=\"http:\/\/asso-fracas.fr\/wp-content\/uploads\/2025\/07\/Programme-verso.png\" data-elementor-open-lightbox=\"yes\" data-elementor-lightbox-title=\"Programme verso\" data-e-action-hash=\"#elementor-action%3Aaction%3Dlightbox%26settings%3DeyJpZCI6MzYzLCJ1cmwiOiJodHRwczpcL1wvYXNzby1mcmFjYXMuZnJcL3dwLWNvbnRlbnRcL3VwbG9hZHNcLzIwMjVcLzA3XC9Qcm9ncmFtbWUtdmVyc28ucG5nIn0%3D\">\n\t\t\t\t\t\t\t<img decoding=\"async\" width=\"768\" height=\"1086\" src=\"https:\/\/asso-fracas.fr\/wp-content\/uploads\/2025\/07\/Programme-verso-768x1086.png\" class=\"attachment-medium_large size-medium_large wp-image-363\" alt=\"\" srcset=\"https:\/\/asso-fracas.fr\/wp-content\/uploads\/2025\/07\/Programme-verso-768x1086.png 768w, https:\/\/asso-fracas.fr\/wp-content\/uploads\/2025\/07\/Programme-verso-212x300.png 212w, https:\/\/asso-fracas.fr\/wp-content\/uploads\/2025\/07\/Programme-verso-724x1024.png 724w, https:\/\/asso-fracas.fr\/wp-content\/uploads\/2025\/07\/Programme-verso-1086x1536.png 1086w, https:\/\/asso-fracas.fr\/wp-content\/uploads\/2025\/07\/Programme-verso.png 1414w\" sizes=\"(max-width: 768px) 100vw, 768px\" \/>\t\t\t\t\t\t\t\t<\/a>\n\t\t\t\t\t\t\t\t\t\t\t\t\t<\/div>\n\t\t\t\t<\/div>\n\t\t\t\t\t<\/div>\n\t\t\t\t<\/div>\n\t\t<div class=\"elementor-element elementor-element-29ba232 e-flex e-con-boxed e-con e-parent\" data-id=\"29ba232\" data-element_type=\"container\">\n\t\t\t\t\t<div class=\"e-con-inner\">\n\t\t\t\t<div class=\"elementor-element elementor-element-5ce5f41 elementor-widget elementor-widget-heading\" data-id=\"5ce5f41\" data-element_type=\"widget\" data-widget_type=\"heading.default\">\n\t\t\t\t<div class=\"elementor-widget-container\">\n\t\t\t<h2 class=\"elementor-heading-title elementor-size-default\">Les partenaires du festival<\/h2>\t\t<\/div>\n\t\t\t\t<\/div>\n\t\t\t\t\t<\/div>\n\t\t\t\t<\/div>\n\t\t<div class=\"elementor-element elementor-element-fbf95ec e-flex e-con-boxed e-con e-parent\" data-id=\"fbf95ec\" data-element_type=\"container\">\n\t\t\t\t\t<div class=\"e-con-inner\">\n\t\t<div class=\"elementor-element elementor-element-3f657d4 e-con-full e-flex e-con e-child\" data-id=\"3f657d4\" data-element_type=\"container\">\n\t\t\t\t<div class=\"elementor-element elementor-element-58d2cf0 elementor-widget elementor-widget-image\" data-id=\"58d2cf0\" data-element_type=\"widget\" data-widget_type=\"image.default\">\n\t\t\t\t<div class=\"elementor-widget-container\">\n\t\t\t\t\t\t\t\t\t\t\t\t\t<img decoding=\"async\" width=\"300\" height=\"119\" src=\"https:\/\/asso-fracas.fr\/wp-content\/uploads\/2024\/09\/logo_cg16-300x119.jpg\" class=\"attachment-medium size-medium wp-image-83\" alt=\"\" srcset=\"https:\/\/asso-fracas.fr\/wp-content\/uploads\/2024\/09\/logo_cg16-300x119.jpg 300w, https:\/\/asso-fracas.fr\/wp-content\/uploads\/2024\/09\/logo_cg16-1024x405.jpg 1024w, https:\/\/asso-fracas.fr\/wp-content\/uploads\/2024\/09\/logo_cg16-768x303.jpg 768w, https:\/\/asso-fracas.fr\/wp-content\/uploads\/2024\/09\/logo_cg16.jpg 1048w\" sizes=\"(max-width: 300px) 100vw, 300px\" \/>\t\t\t\t\t\t\t\t\t\t\t\t\t<\/div>\n\t\t\t\t<\/div>\n\t\t\t\t<\/div>\n\t\t<div class=\"elementor-element elementor-element-db84edb e-con-full e-flex e-con e-child\" data-id=\"db84edb\" data-element_type=\"container\">\n\t\t\t\t<div class=\"elementor-element elementor-element-b28682a elementor-widget elementor-widget-image\" data-id=\"b28682a\" data-element_type=\"widget\" data-widget_type=\"image.default\">\n\t\t\t\t<div class=\"elementor-widget-container\">\n\t\t\t\t\t\t\t\t\t\t\t\t\t<img loading=\"lazy\" decoding=\"async\" width=\"266\" height=\"190\" src=\"https:\/\/asso-fracas.fr\/wp-content\/uploads\/2024\/09\/Credit-Agricole.png\" class=\"attachment-medium size-medium wp-image-84\" alt=\"\" \/>\t\t\t\t\t\t\t\t\t\t\t\t\t<\/div>\n\t\t\t\t<\/div>\n\t\t\t\t<\/div>\n\t\t<div class=\"elementor-element elementor-element-40d9fe6 e-con-full e-flex e-con e-child\" data-id=\"40d9fe6\" data-element_type=\"container\">\n\t\t\t\t<div class=\"elementor-element elementor-element-73aa177 elementor-widget elementor-widget-image\" data-id=\"73aa177\" data-element_type=\"widget\" data-widget_type=\"image.default\">\n\t\t\t\t<div class=\"elementor-widget-container\">\n\t\t\t\t\t\t\t\t\t\t\t\t\t<img loading=\"lazy\" decoding=\"async\" width=\"181\" height=\"180\" src=\"https:\/\/asso-fracas.fr\/wp-content\/uploads\/2024\/09\/l01t00-4C-logo-MAIF-180X180.jpg\" class=\"attachment-medium size-medium wp-image-85\" alt=\"\" srcset=\"https:\/\/asso-fracas.fr\/wp-content\/uploads\/2024\/09\/l01t00-4C-logo-MAIF-180X180.jpg 181w, https:\/\/asso-fracas.fr\/wp-content\/uploads\/2024\/09\/l01t00-4C-logo-MAIF-180X180-150x150.jpg 150w\" sizes=\"(max-width: 181px) 100vw, 181px\" \/>\t\t\t\t\t\t\t\t\t\t\t\t\t<\/div>\n\t\t\t\t<\/div>\n\t\t\t\t<\/div>\n\t\t<div class=\"elementor-element elementor-element-89e5067 e-con-full e-flex e-con e-child\" data-id=\"89e5067\" data-element_type=\"container\">\n\t\t\t\t<div class=\"elementor-element elementor-element-5a8b0c6 elementor-widget elementor-widget-image\" data-id=\"5a8b0c6\" data-element_type=\"widget\" data-widget_type=\"image.default\">\n\t\t\t\t<div class=\"elementor-widget-container\">\n\t\t\t\t\t\t\t\t\t\t\t\t\t<img loading=\"lazy\" decoding=\"async\" width=\"300\" height=\"111\" src=\"https:\/\/asso-fracas.fr\/wp-content\/uploads\/2024\/09\/CdC-LTD-300x111.jpg\" class=\"attachment-medium size-medium wp-image-86\" alt=\"\" srcset=\"https:\/\/asso-fracas.fr\/wp-content\/uploads\/2024\/09\/CdC-LTD-300x111.jpg 300w, https:\/\/asso-fracas.fr\/wp-content\/uploads\/2024\/09\/CdC-LTD.jpg 369w\" sizes=\"(max-width: 300px) 100vw, 300px\" \/>\t\t\t\t\t\t\t\t\t\t\t\t\t<\/div>\n\t\t\t\t<\/div>\n\t\t\t\t<\/div>\n\t\t\t\t\t<\/div>\n\t\t\t\t<\/div>\n\t\t<div class=\"elementor-element elementor-element-19c4724 e-flex e-con-boxed e-con e-parent\" data-id=\"19c4724\" data-element_type=\"container\">\n\t\t\t\t\t<div class=\"e-con-inner\">\n\t\t<div class=\"elementor-element elementor-element-49df587 e-con-full e-flex e-con e-child\" data-id=\"49df587\" data-element_type=\"container\">\n\t\t\t\t<div class=\"elementor-element elementor-element-86fa838 elementor-widget elementor-widget-image\" data-id=\"86fa838\" data-element_type=\"widget\" data-widget_type=\"image.default\">\n\t\t\t\t<div class=\"elementor-widget-container\">\n\t\t\t\t\t\t\t\t\t\t\t\t\t<img loading=\"lazy\" decoding=\"async\" width=\"44\" height=\"44\" src=\"https:\/\/asso-fracas.fr\/wp-content\/uploads\/2024\/09\/La-Mie-de-Bonnes.jpg\" class=\"attachment-2048x2048 size-2048x2048 wp-image-87\" alt=\"\" \/>\t\t\t\t\t\t\t\t\t\t\t\t\t<\/div>\n\t\t\t\t<\/div>\n\t\t\t\t<\/div>\n\t\t<div class=\"elementor-element elementor-element-98b9177 e-con-full e-flex e-con e-child\" data-id=\"98b9177\" data-element_type=\"container\">\n\t\t\t\t<div class=\"elementor-element elementor-element-4a4912d elementor-widget elementor-widget-image\" data-id=\"4a4912d\" data-element_type=\"widget\" data-widget_type=\"image.default\">\n\t\t\t\t<div class=\"elementor-widget-container\">\n\t\t\t\t\t\t\t\t\t\t\t\t\t<img loading=\"lazy\" decoding=\"async\" width=\"300\" height=\"100\" src=\"https:\/\/asso-fracas.fr\/wp-content\/uploads\/2024\/09\/Bonnes-300x100.jpg\" class=\"attachment-medium size-medium wp-image-88\" alt=\"\" srcset=\"https:\/\/asso-fracas.fr\/wp-content\/uploads\/2024\/09\/Bonnes-300x100.jpg 300w, https:\/\/asso-fracas.fr\/wp-content\/uploads\/2024\/09\/Bonnes.jpg 434w\" sizes=\"(max-width: 300px) 100vw, 300px\" \/>\t\t\t\t\t\t\t\t\t\t\t\t\t<\/div>\n\t\t\t\t<\/div>\n\t\t\t\t<\/div>\n\t\t<div class=\"elementor-element elementor-element-071e750 e-con-full e-flex e-con e-child\" data-id=\"071e750\" data-element_type=\"container\">\n\t\t\t\t<div class=\"elementor-element elementor-element-148f676 elementor-widget elementor-widget-image\" data-id=\"148f676\" data-element_type=\"widget\" data-widget_type=\"image.default\">\n\t\t\t\t<div class=\"elementor-widget-container\">\n\t\t\t\t\t\t\t\t\t\t\t\t\t<img loading=\"lazy\" decoding=\"async\" width=\"300\" height=\"114\" src=\"https:\/\/asso-fracas.fr\/wp-content\/uploads\/2024\/09\/Biocoop-300x114.png\" class=\"attachment-medium size-medium wp-image-89\" alt=\"\" srcset=\"https:\/\/asso-fracas.fr\/wp-content\/uploads\/2024\/09\/Biocoop-300x114.png 300w, https:\/\/asso-fracas.fr\/wp-content\/uploads\/2024\/09\/Biocoop-1024x389.png 1024w, https:\/\/asso-fracas.fr\/wp-content\/uploads\/2024\/09\/Biocoop-768x292.png 768w, https:\/\/asso-fracas.fr\/wp-content\/uploads\/2024\/09\/Biocoop-1536x583.png 1536w, https:\/\/asso-fracas.fr\/wp-content\/uploads\/2024\/09\/Biocoop-2048x778.png 2048w\" sizes=\"(max-width: 300px) 100vw, 300px\" \/>\t\t\t\t\t\t\t\t\t\t\t\t\t<\/div>\n\t\t\t\t<\/div>\n\t\t\t\t<\/div>\n\t\t<div class=\"elementor-element elementor-element-c938ad9 e-con-full e-flex e-con e-child\" data-id=\"c938ad9\" data-element_type=\"container\">\n\t\t\t\t<div class=\"elementor-element elementor-element-6e11f4d elementor-widget elementor-widget-image\" data-id=\"6e11f4d\" data-element_type=\"widget\" data-widget_type=\"image.default\">\n\t\t\t\t<div class=\"elementor-widget-container\">\n\t\t\t\t\t\t\t\t\t\t\t\t\t<img loading=\"lazy\" decoding=\"async\" width=\"300\" height=\"92\" src=\"https:\/\/asso-fracas.fr\/wp-content\/uploads\/2024\/09\/logo-calitom-violet-vert-jpg-300x92.jpg\" class=\"attachment-medium size-medium wp-image-90\" alt=\"\" srcset=\"https:\/\/asso-fracas.fr\/wp-content\/uploads\/2024\/09\/logo-calitom-violet-vert-jpg-300x92.jpg 300w, https:\/\/asso-fracas.fr\/wp-content\/uploads\/2024\/09\/logo-calitom-violet-vert-jpg-1024x315.jpg 1024w, https:\/\/asso-fracas.fr\/wp-content\/uploads\/2024\/09\/logo-calitom-violet-vert-jpg-768x236.jpg 768w, https:\/\/asso-fracas.fr\/wp-content\/uploads\/2024\/09\/logo-calitom-violet-vert-jpg.jpg 1106w\" sizes=\"(max-width: 300px) 100vw, 300px\" \/>\t\t\t\t\t\t\t\t\t\t\t\t\t<\/div>\n\t\t\t\t<\/div>\n\t\t\t\t<\/div>\n\t\t\t\t\t<\/div>\n\t\t\t\t<\/div>\n\t\t\t\t<\/div>\n\t\t","protected":false},"excerpt":{"rendered":"<p>Festival des arts de la rue Quelle premi\u00e8re \u00e9dition ! Le Bonn\u2019Art Caf\u00e9 et Fracas se sont r\u00e9unis, de novembre 2022 \u00e0 ao\u00fbt 2023, autour d\u2019un projet un peu farfelu: la cr\u00e9ation d\u2019un festival de rue. Une r\u00e9ussite! Les 19 et 20 ao\u00fbt 2023,\u00a0 spectacles de marionnette, musique, danse, th\u00e9\u00e2tre, cirque\u2026 ont investis les rues [&hellip;]<\/p>\n","protected":false},"author":3,"featured_media":0,"parent":0,"menu_order":0,"comment_status":"closed","ping_status":"closed","template":"","meta":{"footnotes":""},"class_list":["post-55","page","type-page","status-publish","hentry"],"_links":{"self":[{"href":"https:\/\/asso-fracas.fr\/index.php\/wp-json\/wp\/v2\/pages\/55","targetHints":{"allow":["GET"]}}],"collection":[{"href":"https:\/\/asso-fracas.fr\/index.php\/wp-json\/wp\/v2\/pages"}],"about":[{"href":"https:\/\/asso-fracas.fr\/index.php\/wp-json\/wp\/v2\/types\/page"}],"author":[{"embeddable":true,"href":"https:\/\/asso-fracas.fr\/index.php\/wp-json\/wp\/v2\/users\/3"}],"replies":[{"embeddable":true,"href":"https:\/\/asso-fracas.fr\/index.php\/wp-json\/wp\/v2\/comments?post=55"}],"version-history":[{"count":16,"href":"https:\/\/asso-fracas.fr\/index.php\/wp-json\/wp\/v2\/pages\/55\/revisions"}],"predecessor-version":[{"id":381,"href":"https:\/\/asso-fracas.fr\/index.php\/wp-json\/wp\/v2\/pages\/55\/revisions\/381"}],"wp:attachment":[{"href":"https:\/\/asso-fracas.fr\/index.php\/wp-json\/wp\/v2\/media?parent=55"}],"curies":[{"name":"wp","href":"https:\/\/api.w.org\/{rel}","templated":true}]}}